 -20*r**3 + 9*r**2 - r + 5. Give n(1).
-7
Let q(m) = -3*m - 7. Give q(-24).
65
Let d(w) = -w**3 + 4*w**2 - 2*w - 37. What is d(7)?
-198
Let z(x) = -x**2 + 27*x + 7. What is z(17)?
177
Let w(v) = -1074*v - 5409. Determine w(-5).
-39
Let r(j) = -20*j**2 - 89*j - 9. What is r(-5)?
-64
Let r(b) = 163*b + 3757. Determine r(-20).
497
Let u(i) = -67*i - 3761. What is u(-56)?
-9
Let k(x) = -23*x**2 - 141*x - 21. Give k(-6).
-3
Let m(k) = -3*k**2 - 408*k - 1230. What is m(-3)?
-33
Let y(x) = -x**3 - 10*x**2 + 2*x + 56. Calculate y(-7).
-105
Let y(b) = 4*b**3 + 34*b**2 + 61*b - 51. Give y(-5).
-6
Let f(m) = -m**3 - 20*m**2 - 52*m - 16. Calculate f(-17).
1
Let b(j) = -25*j**2 + 9*j + 431. Give b(-4).
-5
Let l(p) = p**3 - 15*p**2 - 200*p - 375. Determine l(24).
9
Let z(l) = 991*l + 1987. Calculate z(-2).
5
Let f(n) = -n**2 - 31*n - 97. Give f(-26).
33
Let j(g) = -g**2 + 17*g + 69. What is j(-3)?
9
Let i(y) = 3*y**3 + 49*y**2 + 230*y + 230. Determine i(-8).
-10
Let z(b) = -3*b**2 - 5*b + 411. Give z(-18).
-471
Let u(q) = 3*q**2 - 44*q - 8. Give u(16).
56
Let t(b) = -2*b**2 + 14*b - 29. What is t(3)?
-5
Let v(x) = -3*x**3 - 13*x**2 + 26*x - 3. Calculate v(-6).
21
Let d(z) = 2*z**3 - 16*z**2 - 49*z + 57. What is d(-3)?
6
Let z(c) = 6*c**2 - 30*c + 46. Determine z(6).
82
Let t(j) = 712*j - 45574. Calculate t(64).
-6
Let f(o) = -o**2 - 5*o - 1. Determine f(-6).
-7
Let g(c) = -c**2 - 33*c + 34. Determine g(-34).
0
Let g(t) = t**3 + 13*t**2 - 16*t - 105. Give g(-13).
103
Let n(x) = 87*x - 2026. Give n(27).
323
Let w(h) = -h**2 + 27*h + 9. Determine w(24).
81
Let k(t) = -94*t - 2368. Calculate k(-25).
-18
Let z(g) = -10*g**2 + 20*g + 11. Give z(2).
11
Let n(r) = 3*r**3 + 2*r**2 + 3*r - 2. Calculate n(2).
36
Let k(n) = -76*n + 3777. What is k(50)?
-23
Let n(k) = 2*k**3 - 75*k**2 + 556*k - 69. Give n(10).
-9
Let r(x) = x**3 - 6*x**2 - 84*x + 96. Calculate r(12).
-48
Let s(z) = -35*z**2 - 4*z - 3. Give s(1).
-42
Let p(m) = -2*m**2 + 32*m - 6. What is p(16)?
-6
Let w(j) = j**3 - 3*j**2 - 7*j + 11. Determine w(5).
26
Let m(n) = 750*n + 2246. Determine m(-3).
-4
Let c(i) = 228*i + 1381. Give c(-6).
13
Let n(o) = -o**2 + 28*o - 77. Calculate n(25).
-2
Let q(a) = -234*a + 483. Give q(2).
15
Let j(x) = 29*x - 118. Calculate j(7).
85
Let u(m) = -m**3 - 78*m**2 + 95*m + 713. Calculate u(-79).
-551
Let x(q) = q**3 + 15*q**2 + 5*q - 39. What is x(-14)?
87
Let s(f) = 4075*f - 16291. Determine s(4).
9
Let k(l) = -2*l**2 + 6*l + 29. Calculate k(-7).
-111
Let m(o) = o**2 - 58*o + 852. Determine m(29).
11
Let q(a) = -93*a**2 - 376*a - 10. Calculate q(-4).
6
Let y(m) = -29*m + 1310. What is y(45)?
5
Let a(p) = -2*p**3 + 8*p**2 - p - 3. What is a(3)?
12
Let f(b) = -b**2 + 913*b - 43144. Give f(50).
6
Let d(g) = 4919*g + 19681. Determine d(-4).
5
Let f(v) = -7*v**2 + 230*v - 33. Determine f(36).
-825
Let m(p) = p**3 + 7*p**2 - 20*p - 96. What is m(-3)?
0
Let u(v) = -v**3 - 12*v**2 + 35*v + 29. Give u(-14).
-69
Let j(y) = 13*y + 148. Determine j(-11).
5
Let f(w) = 64*w**2 - 59*w - 74. What is f(-2)?
300
Let s(v) = v**2 + 135*v + 1348. Calculate s(-124).
-16
Let k(y) = y**3 - 21*y**2 + 28*y + 12. What is k(20)?
172
Let s(m) = -161*m**2 - 4185*m + 23. What is s(-26)?
-3
Let y(d) = 185*d - 3656. What is y(20)?
44
Let m(o) = -o**3 - 39*o**2 - 45*o + 19. Determine m(-38).
285
Let a(c) = -2*c**3 + 78*c**2 - 73*c - 144. Give a(38).
-30
Let h(a) = -9285*a - 46411. Determine h(-5).
14
Let a(t) = -708*t - 16270. Give a(-23).
14
Let j(q) = 2*q**2 + q - 469. Calculate j(15).
-4
Let t(m) = -69*m**2 + 336*m + 19. What is t(5)?
-26
Let z(l) = -422*l - 5914. Calculate z(-14).
-6
Let x(c) = -6*c**2 + 136*c - 524. What is x(5)?
6
Let m(k) = 4466*k - 26704. Calculate m(6).
92
Let k(f) = -f**3 - 2*f**2 + 40*f - 69. Determine k(2).
-5
Let y(g) = -g**3 - 4*g**2 + 6*g - 18. Determine y(-6).
18
Let t(y) = 186*y - 587. Determine t(3).
-29
Let y(t) = 52*t + 472. Give y(0).
472
Let v(w) = -4*w**2 - 50*w - 19. Determine v(-11).
47
Let v(o) = 32*o**3 + o**2 - 20*o - 20. Determine v(-1).
-31
Let i(c) = 114*c**2 - 19386*c + 1014. Calculate i(170).
-6
Let g(v) = 7*v**2 - 159*v - 3. What is g(23)?
43
Let z(k) = -868*k + 12155. Give z(14).
3
Let o(a) = -24*a + 2783. Give o(116).
-1
Let u(b) = -b**3 - 24*b**2 + 165*b + 2229. Determine u(-27).
-39
Let k(r) = 2*r**3 + 9*r**2 - 13*r - 34. Give k(-5).
6
Let s(x) = -x**2 - 2*x + 233. Calculate s(-15).
38
Let i(j) = 334*j + 1330. Determine i(-4).
-6
Let y(r) = 4752*r + 28562. Determine y(-6).
50
Let o(k) = -100*k + 7197. Give o(72).
-3
Let s(d) = 6*d**2 + 443*d - 2. Give s(0).
-2
Let k(g) = -3*g**2 - 32*g - 45. Determine k(-6).
39
Let u(h) = -7*h**2 + 126*h + 47. Determine u(18).
47
Let y(o) = -o**3 - 61*o**2 - 332*o - 27. Calculate y(-55).
83
Let n(c) = -63*c**2 - 25*c + 3. What is n(-1)?
-35
Let u(i) = i**2 + 10*i - 837. Calculate u(20).
-237
Let q(a) = 4*a**2 + 249*a - 983. Give q(-66).
7
Let d(h) = -7*h**2 - 78*h - 30. Calculate d(-12).
-102
Let t(y) = -16*y - 53. Give t(7).
-165
Let a(z) = 2*z**2 - 38*z + 108. What is a(16)?
12
Let w(p) = -9*p**2 - 56*p - 161. Calculate w(-3).
-74
Let g(z) = -27*z - 23. Calculate g(2).
-77
Let j(c) = c**3 + 16*c**2 - 16*c - 264. Calculate j(-4).
-8
Let x(h) = 9*h**3 - h**2 - 56*h - 58. Give x(-1).
-12
Let j(p) = -p**3 + 94*p**2 + 97*p - 157. What is j(95)?
33
Let d(j) = 213*j + 1926. What is d(-9)?
9
Let j(b) = -b**3 + 68*b**2 - 53*b - 1013. Determine j(67).
-75
Let v(o) = 4*o**3 - 35*o**2 - 17*o + 62. Determine v(9).
-10
Let s(i) = 8*i**3 + 2*i**2 + 4*i + 5. Give s(-3).
-205
Let t(d) = -1999*d - 16. Give t(0).
-16
Let m(s) = 2*s**2 + 119*s + 1644. What is m(-20)?
64
Let f(t) = -126*t**2 - 5672*t - 97. Calculate f(-45).
-7
Let n(d) = -d**3 - 15*d**2 + 59*d + 431. Determine n(-17).
6
Let g(b) = b**2 + 42*b - 1760. Calculate g(26).
8
Let j(i) = i**3 - 11*i**2 + 27*i - 168. Determine j(8).
-144
Let p(j) = -j**2 + 938*j - 4719. Give p(5).
-54
Let y(a) = 9*a**2 + 158*a - 44. What is y(-18)?
28
Let r(l) = -42*l**3 + 253*l**2 - 26. Determine r(6).
10
Let d(s) = -28*s + 2596. Determine d(85).
216
Let t(r) = -r**3 + 5*r**2 - 4*r - 1. Calculate t(4).
-1
Let q(k) = -4*k**3 - k**2 - 7*k - 60. Give q(-4).
208
Let h(q) = -4*q**3 + 8*q**2 - 4. Calculate h(2).
-4
Let f(m) = 4*m**3 + 34*m**2 + 21*m + 54. What is f(-8)?
14
Let d(g) = -168*g**3 - 8*g**2 - 9*g - 3. What is d(-1)?
166
Let h(u) = 154*u - 499. Calculate h(4).
117
Let y(f) = 442*f + 24734. Give y(-56).
-18
Let c(m) = 294*m - 42. Calculate c(1).
252
Let n(o) = 473*o + 5751. Give n(-12).
75
Let u(x) = 2*x**3 - 4*x**2 - 7*x + 24. Give u(5).
139
Let y(r) = 36*r - 3249. Determine y(90).
-9
Let x(j) = -j**3 - 44*j**2 - 4*j. Calculate x(0).
0
Let k(t) = -t**3 + 47*t**2 + 302*t + 846. Calculate k(53).
-2
Let z(n) = -2*n**2 - 22*n - 31. What is z(-16)?
-191
Let b(h) = 446*h - 323. Determine b(1).
123
Let a(k) = -k**3 + 12*k**2 + 64*k - 23. Determine a(18).
-815
Let w(u) = -u**3 + 25*u**2 + 50*u + 106. Give w(27).
-2
Let h(o) = 31*o**3 + 50*o**2 - 51*o + 1. Determine h(1).
31
Let u(s) = -2*s**2 + 143*s + 585. What is u(-4)?
-19
Let k(j) = 3*j**2 - 16*j - 326. Determine k(-8).
-6
Let i(j) = 343*j + 18871. Give i(-55).
6
Let k(y) = -y**3 - 7*y**2 + 29*y - 13. What is k(3)?
-16
Let i(s) = -32436*s + 356792. Determine i(11).
-4
Let a(g) = 54*g + 2613. What is a(-51)?
-141
Let n(v) = 17*v + 29. What is n(-7)?
-90
Let u(m) = -52*m + 1836. Calculate u(34).
68
Let g(f) = 2*f**3 + 95*f**2 + 256*f + 9809. Determine g(-47).
-14
Let t(b) = b**3 + 2*b**2 - 11*b - 27. What is t(-3)?
-3
Let l(w) = -w**3 - 17*w**2 - 3*w + 155. What is l(-16)?
-53
Let v(j) = -170*j**2 + 850*j + 7. What is v(5)?
7
Let c(l) = 19*l**3 - 95*l**2 + 16*l + 12. Calculate c(5).
92
Let z(m) = -97*m - 405. Give z(-4).
-17
Let p(c) = -32*c**2 + 16*c + 14. What is p(-1)?
-34
Let t(k) = k**2 - 21*k - 68. What is t(18)?
-122
Let d(m) = 59*m - 1305. Calculate d(22).
-7
Let q(d) = d**2 - 37*d + 189. Calculate q(25).
-111
Let r(m) = 4*m**2 + 4*m + 175. What is r(0)?
175
Let y(a) = 9*a**3 - 73*a**2 + 4*a + 39. Determine y(8).
7
Let i(n) = 23*n + 23. Determine i(-2).
-23
Let o(k) = -51*k - 319. Calculate o(-6).
-13
Let s(d) = 15*d - 310. What is s(32)?
170
Let b(l) = -l**3 - 646*l**2 - 19646*l + 60. Determine b(-32).
-4
Let n(r) = 7*r**3 - 34*r**2 + 